{"id":183,"date":"2018-09-03T12:33:48","date_gmt":"2018-09-03T10:33:48","guid":{"rendered":"https:\/\/gkmke.sk\/zustemp\/?page_id=183"},"modified":"2018-09-03T12:33:48","modified_gmt":"2018-09-03T10:33:48","slug":"odbory","status":"publish","type":"page","link":"https:\/\/gkmke.sk\/zus\/odbory\/","title":{"rendered":"Odbory"},"content":{"rendered":"<p>V s\u00fa\u010dasnosti maj\u00fa na\u0161i \u017eiaci mo\u017enos\u0165 \u0161tudova\u0165 na t\u00fdchto odboroch s vyu\u010dovan\u00edm t\u00fdchto n\u00e1strojov:<\/p>\n<p><strong>Hudobn\u00fd odbor \u2013 HO <\/strong><\/p>\n<ul>\n<li>hra na klav\u00edri<\/li>\n<li>hra na zobcovej a prie\u010dnej flaute<\/li>\n<li>hra na gitare<\/li>\n<li>hra na husliach<\/li>\n<li>hra na violon\u010dele<\/li>\n<li>hra na bic\u00edch<\/li>\n<li>spev<\/li>\n<\/ul>\n<p>S\u00fa\u010das\u0165ou eduk\u00e1cie je komorn\u00e1 hra, \u0161tvorru\u010dn\u00e1 hra. Na na\u0161ej \u0161kole funguje aj <strong>\u0161kolsk\u00e1 kapela.<\/strong><\/p>\n<p><img fetchpriority=\"high\" decoding=\"async\" class=\"alignleft\" src=\"https:\/\/images.unsplash.com\/photo-1512053459797-38c3a066cabd?ixlib=rb-0.3.5&amp;ixid=eyJhcHBfaWQiOjEyMDd9&amp;s=44bbc35d10a654754c36ec39dda6bc9b&amp;w=1000&amp;q=80\" alt=\"fotografovanie husle na zemi s n\u00c3\u00adzkym uhlom\" width=\"422\" height=\"281\" \/><\/p>\n<p><strong>V\u00fdtvarn\u00fd odbor \u2013 VO<\/strong><br \/>\nkeramika, kresba, ma\u013eba, grafika, modelovanie, battikovanie, v\u00fdroba \u0161perkov, v\u00fdtvarn\u00e9 dielne, v\u00fdtvarn\u00e9 workshopy<\/p>\n<p><img decoding=\"async\" class=\"alignleft\" src=\"https:\/\/images.unsplash.com\/photo-1528634367987-575029c358d7?ixlib=rb-0.3.5&amp;ixid=eyJhcHBfaWQiOjEyMDd9&amp;s=e5d1cc6a76a3ab61e568186ba0e3c812&amp;w=1000&amp;q=80\" alt=\"zelenej, bielej a \u00c4\u008dervenej steny graffiti\" width=\"168\" height=\"299\" \/><\/p>\n<p>&nbsp;<\/p>\n<p>&nbsp;<\/p>\n<p>&nbsp;<\/p>\n<p>&nbsp;<\/p>\n<p>Te\u0161\u00edme sa na V\u00e1s a na spolo\u010dn\u00e9 z\u00e1\u017eitky!<\/p>\n","protected":false},"excerpt":{"rendered":"<p>V s\u00fa\u010dasnosti maj\u00fa na\u0161i \u017eiaci mo\u017enos\u0165 \u0161tudova\u0165 na t\u00fdchto odboroch s vyu\u010dovan\u00edm t\u00fdchto n\u00e1strojov: Hudobn\u00fd odbor \u2013 HO hra na klav\u00edri hra na zobcovej a prie\u010dnej flaute hra na gitare hra na husliach hra na violon\u010dele hra na bic\u00edch spev &hellip; <\/p>\n","protected":false},"author":2,"featured_media":46,"parent":0,"menu_order":0,"comment_status":"closed","ping_status":"closed","template":"","meta":{"_acf_changed":false,"footnotes":""},"class_list":["post-183","page","type-page","status-publish","has-post-thumbnail","hentry"],"acf":[],"_links":{"self":[{"href":"https:\/\/gkmke.sk\/zus\/wp-json\/wp\/v2\/pages\/183","targetHints":{"allow":["GET"]}}],"collection":[{"href":"https:\/\/gkmke.sk\/zus\/wp-json\/wp\/v2\/pages"}],"about":[{"href":"https:\/\/gkmke.sk\/zus\/wp-json\/wp\/v2\/types\/page"}],"author":[{"embeddable":true,"href":"https:\/\/gkmke.sk\/zus\/wp-json\/wp\/v2\/users\/2"}],"replies":[{"embeddable":true,"href":"https:\/\/gkmke.sk\/zus\/wp-json\/wp\/v2\/comments?post=183"}],"version-history":[{"count":0,"href":"https:\/\/gkmke.sk\/zus\/wp-json\/wp\/v2\/pages\/183\/revisions"}],"wp:featuredmedia":[{"embeddable":true,"href":"https:\/\/gkmke.sk\/zus\/wp-json\/wp\/v2\/media\/46"}],"wp:attachment":[{"href":"https:\/\/gkmke.sk\/zus\/wp-json\/wp\/v2\/media?parent=183"}],"curies":[{"name":"wp","href":"https:\/\/api.w.org\/{rel}","templated":true}]}}